?
True
Does 11 divide 643365?
False
Does 17 divide 4993898?
False
Is 46 a factor of 4680603?
False
Is 178736 a multiple of 85?
False
Does 18 divide 12033211?
False
Is 21 a factor of 5383982?
False
Is 1164 a factor of 1903418?
False
Does 13 divide 14263?
False
Is 24 a factor of 42247?
False
Is 118148 a multiple of 9?
False
Does 10 divide 2251990?
True
Is 8317 a multiple of 134?
False
Does 318 divide 327293?
False
Is 129394 a multiple of 31?
True
Is 25 a factor of 145955?
False
Does 215 divide 16305510?
False
Does 186 divide 73643?
False
Does 9 divide 133452?
True
Does 951 divide 536364?
True
Is 293 a factor of 1147095?
True
Does 1077 divide 925988?
False
Does 39 divide 44565?
False
Does 7 divide 438488?
False
Does 14 divide 5652315?
False
Does 11 divide 829638?
False
Is 413904 a multiple of 9?
False
Is 1518602 a multiple of 27?
False
Is 18662 even?
True
Is 3519840 a multiple of 24?
True
Does 85 divide 1014135?
True
Does 7 divide 391020?
True
Is 3727755 a multiple of 159?
True
Is 549587 a multiple of 38?
False
Is 13 a factor of 44008?
False
Is 2092289 a multiple of 16?
False
Is 639 a factor of 3646468?
False
Is 328461 a multiple of 13?
False
Does 135 divide 5240430?
True
Is 306 a factor of 16441?
False
Does 29 divide 775054?
True
Does 24 divide 55296?
True
Is 3 a factor of 3731?
False
Does 52 divide 493584?
True
Is 350224 a multiple of 16?
True
Is 4 a factor of 3723317?
False
Does 44 divide 1401557?
False
Does 603 divide 10149093?
True
Is 3 a factor of 371505?
True
Does 2 divide 12051?
False
Is 6467205 a multiple of 14?
False
Is 8 a factor of 1474496?
True
Does 205 divide 33825?
True
Is 599180 a multiple of 34?
False
Is 13122 a multiple of 191?
False
Is 501942 a multiple of 51?
True
Does 882 divide 2633652?
True
Is 2940757 a multiple of 8?
False
Does 94 divide 978822?
True
Is 237 a factor of 6071940?
True
Does 150 divide 2886281?
False
Is 183209 a multiple of 441?
False
Is 57695 a multiple of 4?
False
Is 63180 a multiple of 4?
True
Does 33 divide 538659?
True
Is 6405157 a multiple of 135?
False
Is 21 a factor of 1920954?
True
Is 141870 a multiple of 244?
False
Is 19 a factor of 2876648?
False
Is 4 a factor of 10558678?
False
Is 73 a factor of 723837?
False
Does 3 divide 1017434?
False
Is 25 a factor of 879607?
False
Does 6 divide 66828?
True
Is 3116780 a multiple of 515?
True
Does 47 divide 7560087?
False
Is 186 a factor of 2539818?
False
Does 21 divide 99015?
True
Does 10 divide 616771?
False
Is 471495 a multiple of 5?
True
Is 796204 a multiple of 31?
True
Is 266760 a multiple of 520?
True
Does 292 divide 583891?
False
Is 2584355 a multiple of 753?
False
Is 39624 a multiple of 18?
False
Is 49 a factor of 556180?
False
Is 905867 a multiple of 28?
False
Does 20 divide 737410?
False
Is 20 a factor of 620500?
True
Is 161636 a multiple of 68?
True
Does 13 divide 29015?
False
Does 2 divide 938180?
True
Is 9 a factor of 535995?
True
Is 2 a factor of 2138494?
True
Is 232298 a multiple of 36?
False
Is 10 a factor of 143710?
True
Is 53 a factor of 86973?
True
Is 647859 a multiple of 717?
False
Is 205 a factor of 4393765?
True
Does 149 divide 242705?
False
Is 160425 a multiple of 45?
True
Does 750 divide 8826749?
False
Does 9 divide 86814?
True
Is 1596 a factor of 2299836?
True
Does 16 divide 732007?
False
Is 247032 a multiple of 20?
False
Is 12699600 a multiple of 7?
False
Is 129 a factor of 381870?
False
Is 911528 a multiple of 232?
True
Does 174 divide 87522?
True
Is 126 a factor of 567728?
False
Does 31 divide 24322?
False
Is 12675 a multiple of 264?
False
Does 37 divide 323378?
False
Is 536682 a multiple of 743?
False
Is 522 a factor of 11711547?
False
Is 115387 a multiple of 139?
False
Is 513944 a multiple of 136?
True
Is 8 a factor of 1895360?
True
Is 4380156 a multiple of 22?
True
Is 167 a factor of 600866?
True
Is 12068849 a multiple of 773?
True
Is 1153404 a multiple of 21?
True
Is 7 a factor of 1052954?
True
Is 6138624 a multiple of 96?
True
Is 123 a factor of 4640708?
False
Does 12 divide 2686147?
False
Is 29 a factor of 532973?
False
Is 1825560 a multiple of 792?
True
Does 452 divide 2166888?
True
Is 19092 a multiple of 43?
True
Does 26 divide 419158?
False
Is 8 a factor of 12581360?
True
Is 2 a factor of 176754?
True
Is 86484 a multiple of 3?
True
Is 147 a factor of 485688?
True
Is 253150 a multiple of 14?
False
Does 525 divide 209749?
False
Is 1544258 a multiple of 14?
False
Is 752556 a multiple of 186?
True
Does 990 divide 228690?
True
Does 76 divide 5686247?
False
Does 183 divide 1938885?
True
Is 1009358 a multiple of 6?
False
Is 15 a factor of 648?
False
Is 4590 a multiple of 34?
True
Is 65 a factor of 343005?
True
Is 190 a factor of 424270?
True
Is 2037227 a multiple of 10?
False
Is 139279 a multiple of 197?
True
Does 27 divide 67392?
True
Does 242 divide 3433012?
True
Does 24 divide 6570592?
False
Does 4 divide 104857?
False
Is 153086 a multiple of 182?
False
Does 248 divide 278696?
False
Does 3 divide 246545?
False
Is 69066 a multiple of 281?
False
Is 3 a factor of 95585?
False
Is 1152460 a multiple of 20?
True
Is 25 a factor of 23727?
False
Does 169 divide 5265474?
False
Does 21 divide 77007?
True
Does 57 divide 395067?
True
Is 1975146 a multiple of 10?
False
Is 478640 a multiple of 80?
True
Does 39 divide 252954?
True
Is 621 a factor of 248602?
False
Is 17465 a multiple of 11?
False
Is 259550 a multiple of 149?
False
Does 775 divide 7367150?
True
Does 194 divide 440225?
False
Does 17 divide 6775834?
False
Does 123 divide 42627?
False
Is 5117266 a multiple of 94?
True
Does 8 divide 22757?
False
Does 261 divide 9857?
False
Is 78 a factor of 44226?
True
Is 373577 a multiple of 11?
False
Does 1605 divide 14533353?
False
Is 110 a factor of 215270?
True
Is 10 a factor of 291678?
False
Is 50 a factor of 556000?
True
Is 20150 a multiple of 62?
True
Is 5598472 a multiple of 226?
True
Is 1412887 a multiple of 3?
False
Is 147 a factor of 2158107?
True
Is 10 a factor of 145714?
False
Is 827 a factor of 2433580?
False
Is 339 a factor of 592572?
True
Does 9 divide 4901667?
False
Is 88632 a multiple of 8?
True
Does 131 divide 3775027?
True
Is 485 a factor of 200638?
False
Is 221029 a multiple of 130?
False
Is 18 a factor of 3864546?
True
Does 22 divide 1933123?
False
Does 19 divide 19445994?
False
Does 18 divide 6746505?
False
Is 600 a factor of 1020000?
True
Is 412718 a multiple of 48?
False
Is 25400 a multiple of 20?
True
Does 181 divide 3761180?
True
Is 151 a factor of 10295633?
True
Does 87 divide 568110?
True
Does 4 divide 2016155?
False
Is 24009 a multiple of 3?
True
Is 845025 a multiple of 383?
False
Is 270389 a multiple of 101?
False
Is 272 a factor of 13304608?
True
Is 192893 a multiple of 26?
False
Is 22 a factor of 3089944?
True
Does 601 divide 936376?
False
Is 1544142 a multiple of 41?
True
Is 13954049 a multiple of 18?
False
Is 16 a factor of 3903968?
True
Is 332 a factor of 3870124?
True
Is 38 a factor of 33326?
True
Is 48 a factor of 30336?
True
Does 235 divide 9400?
True
Does 7 divide 1946830?
False
Is 12530154 a multiple of 10?
False
Is 265665 a multiple of 5?
True
Does 487 divide 949733?
False
Is 494 a factor of 10049942?
False
Is 12127341 a multiple of 17?
True
Does 72 divide 45903?
False
Is 49 a factor of 11692666?
False
Does 2 divide 71774?
True
Is 16 a factor of 181244?
False
Is 13964635 a multiple of 355?
True
Is 169825 a multiple of 7?
False
Does 44 divide 315964?
True
Is 155 a factor of 3280885?
True
Is 2 a factor of 34510?
True
Is 29 a factor of 26912?
True
Does 57 divide 5699625?
False
Is 361 a factor of 1618363?
True
Is 21440040 a multiple of 1865?
True
Is 85 a factor of 1024291?
False
Is 623912 a multiple of 213?
False
Is 11 a factor of 122364?
True
Does 3 divide 12774?
True
Is 2280134 a multiple of 974?
True
Is 1182024 a multiple of 24?
True
Is 184778 a multiple of 11?
True
Is 123320 a multiple of 20?
True
Is 104400 a multiple of 80?
True
Is 2860 a multiple of 12?
False
Is 3975771 a multiple of 12?
False
Does 1949 divide 2934786?
False
Is 95 a factor of 877520?
False
Is 4 a factor of 564236?
True
Is 44032 a multiple of 8?
True
Does 53 divide 2284830?
True
Is 17914484 a multiple of 239?
True
Is 20 a factor of 210970?
False
Does 31 divide 4585890?
False
Is 298 a factor of 2588428?
True
Is 422779 a multiple of 150?
